{"id":3367,"date":"2022-03-19T07:39:43","date_gmt":"2022-03-19T06:39:43","guid":{"rendered":"https:\/\/ddt21.noblogs.org\/?page_id=3367"},"modified":"2022-03-19T07:43:01","modified_gmt":"2022-03-19T06:43:01","slug":"chips-a-propos-de-la-guerre-en-ukraine","status":"publish","type":"page","link":"https:\/\/ddt21.noblogs.org\/?page_id=3367","title":{"rendered":"Chips \/ \u00c0 propos de la guerre en Ukraine"},"content":{"rendered":"<p><a href=\"https:\/\/ddt21.noblogs.org\/files\/2022\/03\/Affiche-Mort-aux-Vaches-Andre-Arru-1943.jpg\"><img loading=\"lazy\" decoding=\"async\" class=\"alignleft size-full wp-image-3370\" src=\"https:\/\/ddt21.noblogs.org\/files\/2022\/03\/Affiche-Mort-aux-Vaches-Andre-Arru-1943.jpg\" alt=\"\" width=\"852\" height=\"1000\" srcset=\"https:\/\/ddt21.noblogs.org\/files\/2022\/03\/Affiche-Mort-aux-Vaches-Andre-Arru-1943.jpg 852w, https:\/\/ddt21.noblogs.org\/files\/2022\/03\/Affiche-Mort-aux-Vaches-Andre-Arru-1943-256x300.jpg 256w, https:\/\/ddt21.noblogs.org\/files\/2022\/03\/Affiche-Mort-aux-Vaches-Andre-Arru-1943-768x901.jpg 768w\" sizes=\"auto, (max-width: 852px) 100vw, 852px\" \/><\/a><\/p>\n<p>Affiche \u00ab<strong> Mort aux vaches<\/strong> \u00bb (<span class=\"crayon article-surtitre-9268 texte\" title=\"hauteur\">52<\/span> \u00d7 <span class=\"crayon article-soustitre-9268 texte\" title=\"largeur\">42<\/span> cm) \u00e9crite par l&rsquo;anarchiste <strong><a href=\"https:\/\/maitron.fr\/spip.php?article155119\" target=\"_blank\" rel=\"noopener\">Andr\u00e9 Arru<\/a><\/strong> (1911-1999) ; des exemplaires en ont \u00e9t\u00e9 saisis \u00e0 son domicile par la police lors de son arrestation le 3 ao\u00fbt 1943.<br \/>\nElle est notamment cit\u00e9e dans Pierre Lanneret, <a href=\"https:\/\/archivesautonomies.org\/IMG\/pdf\/gauchecommuniste\/internationaliste3ecamp\/internationalistes-du-troisieme-camp-lanneret-francais.pdf\" target=\"_blank\" rel=\"noopener\"><i><strong>Les Internationalistes du \u00ab\u00a0troisi\u00e8me camp\u00a0\u00bb en France pendant la Seconde Guerre mondiale<\/strong><\/i><\/a> (Acratie, 1995).<\/p>\n<p style=\"text-align: center\"><strong>&#8212;&#8212;&#8212;&#8212;&#8212;&#8212;&#8212;&#8212;&#8212;&#8212;&#8212;&#8212;&#8212;&#8212;&#8212;&#8212;&#8212;&#8212;&#8212;&#8212;&#8212;&#8212;&#8212;&#8212;<\/strong><\/p>\n<h1 class=\"western\" style=\"padding-left: 40px;text-align: center\"><strong>Mort aux vaches<\/strong><\/h1>\n<blockquote><p>Prol\u00e9taire,<\/p><\/blockquote>\n<blockquote><p>Depuis 3\u00a0ans, de l\u2019Est \u00e0 l\u2019Ouest et du Sud au Nord de notre Globe, tu fais les frais de la bataille d\u00e9clench\u00e9e par tes ma\u00eetres aux multiples nuances.<\/p><\/blockquote>\n<blockquote><p>Des milliers de prol\u00e9taires de tous les pays cr\u00e8vent pendant que les homes de la finance, de la politique et de la guerre, ces gueules de vaches, se congratulent, dissertent, se partagent les b\u00e9n\u00e9fices, se distribuent pr\u00e9bendes et privil\u00e8ges.<\/p><\/blockquote>\n<blockquote><p>Rappelle-toi, Combattant de la \u00ab\u00a0der des der\u00a0\u00bb\u00a0: en revenant de l\u00e0-haut, en 1918, encore souill\u00e9 du sang de l\u2019inf\u00e2me boucherie, devant les 10\u00a0millions de cadavres, les 20\u00a0millions de bless\u00e9s, les 10\u00a0millions d\u2019invalides, 3\u00a0millions de disparus, les millions de veuves et d\u2019orphelins, tu avais dis et promis, <strong>Plus jamais\u00a0!<\/strong><\/p><\/blockquote>\n<blockquote><p>De nouveau les brutes galonn\u00e9es ont mis la main sur toi. Dans le monde ouvrier l\u2019homme n\u2019est plus un homme, c\u2019est un matricule.<\/p><\/blockquote>\n<h2 class=\"western\" style=\"text-align: center\"><strong>Jusques \u00e0 quand\u00a0?<\/strong><\/h2>\n<blockquote><p>Jusqu\u2019\u00e0 ce que les prol\u00e9taires du monde entier comprennent qu\u2019ils n\u2019ont <strong>qu\u2019un seul ennemi\u00a0: leurs chefs.<\/strong><\/p><\/blockquote>\n<blockquote><p>Jusqu\u2019\u00e0 ce que les prol\u00e9taires du monde entier fraternisent, s\u2019unissent, et au pas de charge \u2014\u00a0l\u2019ultime \u2014\u00a0arm\u00e9s encore des ba\u00efonnettes fra\u00eeches encore du sang de leurs fr\u00e8res, aillent piquer les culs de tous les histrions bellicistes et gouvernementaux.<\/p><\/blockquote>\n<blockquote><p>Prol\u00e9taires, en 1919, en 1936, tu criais\u00a0: <strong>mort aux vaches\u00a0!<\/strong><\/p><\/blockquote>\n<blockquote><p>En 1943, ne crie plus, <strong>agis<\/strong>.<\/p><\/blockquote>\n<blockquote><p>Cr\u00e8ve-les <strong>toutes<\/strong>\u00a0: qu\u2019elles portent en grelot une croix gamm\u00e9e, une \u00e9toile rouge, l\u2019Ordre de la Jarreti\u00e8re, la Croix de Lorraine ou une francisque.<\/p><\/blockquote>\n<h2 class=\"western\" style=\"text-align: center\"><strong>Vive la Libert\u00e9. Vive la Paix\u00a0!<\/strong><\/h2>\n<h2 class=\"western\" style=\"text-align: center\"><strong>Vive la r\u00e9volution sociale\u00a0!<\/strong><\/h2>\n<blockquote><p><strong>F\u00e9d\u00e9ration internationale syndicaliste r\u00e9volutionnaire<\/strong><\/p><\/blockquote>\n<p>&nbsp;<\/p>\n<p>&nbsp;<\/p>\n","protected":false},"excerpt":{"rendered":"<p>Affiche \u00ab Mort aux vaches \u00bb (52 \u00d7 42 cm) \u00e9crite par l&rsquo;anarchiste Andr\u00e9 Arru (1911-1999) ; des exemplaires en ont \u00e9t\u00e9 saisis \u00e0 son domicile par la police lors de son arrestation le 3 ao\u00fbt 1943. Elle est notamment &hellip; <a href=\"https:\/\/ddt21.noblogs.org\/?page_id=3367\">Continuer la lecture <span class=\"meta-nav\">&rarr;<\/span><\/a><\/p>\n","protected":false},"author":8284,"featured_media":0,"parent":0,"menu_order":0,"comment_status":"closed","ping_status":"closed","template":"","meta":{"footnotes":""},"class_list":["post-3367","page","type-page","status-publish","hentry"],"_links":{"self":[{"href":"https:\/\/ddt21.noblogs.org\/index.php?rest_route=\/wp\/v2\/pages\/3367","targetHints":{"allow":["GET"]}}],"collection":[{"href":"https:\/\/ddt21.noblogs.org\/index.php?rest_route=\/wp\/v2\/pages"}],"about":[{"href":"https:\/\/ddt21.noblogs.org\/index.php?rest_route=\/wp\/v2\/types\/page"}],"author":[{"embeddable":true,"href":"https:\/\/ddt21.noblogs.org\/index.php?rest_route=\/wp\/v2\/users\/8284"}],"replies":[{"embeddable":true,"href":"https:\/\/ddt21.noblogs.org\/index.php?rest_route=%2Fwp%2Fv2%2Fcomments&post=3367"}],"version-history":[{"count":3,"href":"https:\/\/ddt21.noblogs.org\/index.php?rest_route=\/wp\/v2\/pages\/3367\/revisions"}],"predecessor-version":[{"id":3378,"href":"https:\/\/ddt21.noblogs.org\/index.php?rest_route=\/wp\/v2\/pages\/3367\/revisions\/3378"}],"wp:attachment":[{"href":"https:\/\/ddt21.noblogs.org\/index.php?rest_route=%2Fwp%2Fv2%2Fmedia&parent=3367"}],"curies":[{"name":"wp","href":"https:\/\/api.w.org\/{rel}","templated":true}]}}