{"id":231,"date":"2014-10-31T15:43:56","date_gmt":"2014-10-31T14:43:56","guid":{"rendered":"http:\/\/ddt21.noblogs.org\/?page_id=231"},"modified":"2021-10-09T12:19:58","modified_gmt":"2021-10-09T10:19:58","slug":"auteurs","status":"publish","type":"page","link":"https:\/\/ddt21.noblogs.org\/?page_id=231","title":{"rendered":"AUTEURS"},"content":{"rendered":"<h4><\/h4>\n<h4><\/h4>\n<h4><\/h4>\n<h3><a href=\"https:\/\/ddt21.noblogs.org\/files\/2014\/10\/05.jpg\"><img loading=\"lazy\" decoding=\"async\" class=\" wp-image-259 size-thumbnail alignnone\" src=\"https:\/\/ddt21.noblogs.org\/files\/2014\/10\/05-150x150.jpg\" alt=\"05\" width=\"150\" height=\"150\" srcset=\"https:\/\/ddt21.noblogs.org\/files\/2014\/10\/05-150x150.jpg 150w, https:\/\/ddt21.noblogs.org\/files\/2014\/10\/05-300x300.jpg 300w, https:\/\/ddt21.noblogs.org\/files\/2014\/10\/05.jpg 354w\" sizes=\"auto, (max-width: 150px) 100vw, 150px\" \/><\/a><strong>\u00a0\u00a0\u00a0\u00a0 <\/strong><span style=\"text-decoration: underline;color: #000000\"><strong>G. D.<\/strong><\/span><\/h3>\n<h4 style=\"padding-left: 150px\"><span style=\"color: #000000\"><strong>&gt; \u00ab\u00a0<span style=\"color: #993366\"><a style=\"color: #993366\" href=\"https:\/\/ddt21.noblogs.org\/?page_id=81\">La Boulang\u00e8re et le th\u00e9oricien (sur la th\u00e9orie de la forme-valeur)\u00a0<\/a><\/span>\u00bb <\/strong>(mai 2014)<strong><br \/>\n<\/strong><\/span><\/h4>\n<h4 style=\"padding-left: 150px\"><span style=\"color: #000000\"><strong>&gt; \u00ab <span style=\"color: #993366\"><a style=\"color: #993366\" href=\"https:\/\/ddt21.noblogs.org\/?page_id=141\">Le militant au 21e si\u00e8cle<\/a><\/span><\/strong> <strong>\u00bb <\/strong>(ao\u00fbt 2014)<strong><br \/>\n<\/strong><\/span><\/h4>\n<h4 style=\"padding-left: 150px\"><span style=\"color: #000000\"><strong><span style=\"color: #000000\">&gt; \u00ab <span style=\"color: #993366\"><a style=\"color: #993366\" href=\"https:\/\/ddt21.noblogs.org\/?page_id=178\">Pourquoi je n\u2019aime pas \u201cLand and Freedom\u201d de Ken Loach<\/a> <\/span><\/span>\u00bb <\/strong>(septembre 2014)<strong><br \/>\n<\/strong><\/span><\/h4>\n<h4 style=\"padding-left: 150px\"><span style=\"color: #000000\"><strong>&gt; \u00ab <\/strong><\/span><span style=\"color: #993366\"><a style=\"color: #993366\" href=\"https:\/\/ddt21.noblogs.org\/?page_id=265\"><strong>Marx \u00e0 table (\u00e0 propos du \u201cKarl Marx\u201d d\u2019Otto R\u00fchle)<\/strong><\/a><\/span> <span style=\"color: #000000\"><strong>\u00bb <\/strong>(novembre 2014)<\/span><\/h4>\n<h4 style=\"padding-left: 150px\"><span style=\"color: #000000\"><strong>&gt; <\/strong>avec<strong> Tristan Leoni, \u00ab<\/strong><\/span><span style=\"color: #993366\"><a style=\"color: #993366\" href=\"https:\/\/ddt21.noblogs.org\/?page_id=309\"><strong> Eloge du zombie (World War Z)<\/strong><\/a> <\/span><span style=\"color: #000000\"><strong>\u00bb <\/strong>(d\u00e9cembre 2014)<\/span><\/h4>\n<h4 style=\"padding-left: 150px\"><span style=\"color: #000000\"><strong>&gt; <\/strong>avec<strong> Tristan Leoni, \u00ab <\/strong><\/span><span style=\"color: #993366\"><a style=\"color: #993366\" href=\"https:\/\/ddt21.noblogs.org\/?page_id=324\"><strong>Kurdistan ?<\/strong><\/a><\/span> <span style=\"color: #000000\"><strong>\u00bb <\/strong>(janvier 2015)<\/span><\/h4>\n<h4 style=\"padding-left: 150px\"><span style=\"color: #000000\"><strong>&gt; \u00ab<\/strong><\/span><span style=\"color: #993366\"> <a style=\"color: #993366\" href=\"https:\/\/ddt21.noblogs.org\/?p=379\" rel=\"bookmark\"><strong>La production et son mythe (\u00e0 propos de Georges Sorel)<\/strong><\/a><\/span> <span style=\"color: #000000\"><strong>\u00bb <\/strong>(mars 2015)<\/span><\/h4>\n<h4 style=\"padding-left: 150px\"><span style=\"color: #000000\"><strong>&gt; \u00ab<\/strong><\/span><a href=\"https:\/\/ddt21.noblogs.org\/?page_id=528\"><strong><span style=\"color: #993366\">\u00a0Entrepreneurs en violence (Sicile, mafia &amp; capitalisme)<\/span> <\/strong><\/a><span style=\"color: #000000\"><strong>\u00bb<\/strong> (ao\u00fbt 2015)<\/span><\/h4>\n<h4 style=\"padding-left: 150px\"><span style=\"color: #000000\"><strong>&gt; \u00ab<\/strong><\/span><span style=\"color: #993366\"><strong> <a style=\"color: #993366\" href=\"https:\/\/ddt21.noblogs.org\/?page_id=566\">Federici contre Marx<\/a> <\/strong><\/span><span style=\"color: #000000\"><strong>\u00bb<\/strong> (octobre 2015)<\/span><\/h4>\n<h4 style=\"padding-left: 150px\"><strong>&gt; \u00ab <a href=\"https:\/\/ddt21.noblogs.org\/?page_id=940\" target=\"_blank\" rel=\"noopener noreferrer\">Brouillards de guerre<\/a> \u00bb <\/strong>(juin 2016)<\/h4>\n<h4 style=\"padding-left: 150px\"><strong>&gt; \u00ab <a href=\"https:\/\/ddt21.noblogs.org\/?page_id=1010\" target=\"_blank\" rel=\"noopener noreferrer\">Sur la \u00ab question \u00bb des \u00ab femmes<\/a><\/strong> <strong>\u00bb<\/strong> (juillet 2016)<strong><em><br \/>\n<\/em><\/strong><\/h4>\n<h4 style=\"padding-left: 150px\"><strong>&gt; \u00ab <a href=\"https:\/\/ddt21.noblogs.org\/?page_id=1260\" target=\"_blank\" rel=\"noopener noreferrer\">Working class zero\u00a0? Sur la pr\u00e9tendue disparition des ouvriers \u00e9tasuniens<\/a><\/strong> <strong>\u00bb <\/strong>(d\u00e9cembre 2016)<strong><em><br \/>\n<\/em><\/strong><\/h4>\n<h4 style=\"padding-left: 150px\"><strong>&gt; \u00ab <a href=\"https:\/\/ddt21.noblogs.org\/?page_id=1325\" target=\"_blank\" rel=\"noopener noreferrer\">Dyspepsie berlinoise<\/a><\/strong> <strong>\u00bb <\/strong>(f\u00e9vrier 2017)<strong><em><br \/>\n<\/em><\/strong><\/h4>\n<h4 style=\"padding-left: 150px\"><strong>&gt; \u00ab <a href=\"https:\/\/ddt21.noblogs.org\/?page_id=1576\" target=\"_blank\" rel=\"noopener noreferrer\">Travail\u00a0: l\u2019enjeu des 7 erreurs<\/a><\/strong> <strong>\u00bb <\/strong>(mai 2017)<\/h4>\n<h4 style=\"padding-left: 150px;text-align: left\"><strong>&gt; \u00ab <a href=\"https:\/\/ddt21.noblogs.org\/?page_id=2015\" target=\"_blank\" rel=\"noopener noreferrer\">White Riot. Classe et race dans le Rand en 1922<\/a><\/strong> <strong>\u00bb <\/strong>(mars 2018)<\/h4>\n<h4 style=\"padding-left: 150px;text-align: left\"><strong>&gt; \u00ab <a href=\"https:\/\/ddt21.noblogs.org\/?page_id=2193\" target=\"_blank\" rel=\"noopener noreferrer\">Quelle critique du travail? David Graeber et \u00ab\u00a0les jobs \u00e0 la con\u00a0\u00bb<\/a><\/strong> <strong>\u00bb <\/strong>(mai 2019)<\/h4>\n<p style=\"padding-left: 160px\"><strong>&gt; \u00ab <a href=\"https:\/\/ddt21.noblogs.org\/?page_id=2158\" target=\"_blank\" rel=\"noopener noreferrer\">La nation dans tout son \u00e9tat<\/a><\/strong> <strong>\u00bb <\/strong>(<a href=\"https:\/\/ddt21.noblogs.org\/?page_id=2176\" target=\"_blank\" rel=\"noopener noreferrer\">deux \u00e9pisodes<\/a> en f\u00e9vrier 2019)<\/p>\n<p style=\"padding-left: 160px\"><strong>&gt; \u00ab <a href=\"https:\/\/ddt21.noblogs.org\/?page_id=2980\" target=\"_blank\" rel=\"noopener noreferrer\">Virus, le monde d\u2019aujourd\u2019hui<\/a><\/strong> <strong>\u00bb <\/strong>(septembre 2020)<\/p>\n<p>&nbsp;<\/p>\n<h4><\/h4>\n<h3><span style=\"text-decoration: underline;color: #000000\"><strong><a href=\"https:\/\/ddt21.noblogs.org\/files\/2014\/10\/03.jpg\"><img loading=\"lazy\" decoding=\"async\" class=\"alignnone size-thumbnail wp-image-260\" src=\"https:\/\/ddt21.noblogs.org\/files\/2014\/10\/03-150x150.jpg\" alt=\"03\" width=\"150\" height=\"150\" srcset=\"https:\/\/ddt21.noblogs.org\/files\/2014\/10\/03-150x150.jpg 150w, https:\/\/ddt21.noblogs.org\/files\/2014\/10\/03-300x300.jpg 300w, https:\/\/ddt21.noblogs.org\/files\/2014\/10\/03.jpg 354w\" sizes=\"auto, (max-width: 150px) 100vw, 150px\" \/><\/a><\/strong><\/span><span style=\"color: #000000\"><strong>\u00a0\u00a0\u00a0\u00a0<\/strong><\/span> <span style=\"text-decoration: underline;color: #000000\"><strong>Tristan Leoni (T. L.)<br \/>\n<\/strong><\/span><\/h3>\n<h4 style=\"padding-left: 160px\"><span style=\"color: #000000\"><strong>&gt;<\/strong> <strong>\u00ab\u00a0<span style=\"color: #993366\"><a style=\"color: #993366\" href=\"https:\/\/ddt21.noblogs.org\/?page_id=69\">Malaise dans l\u2019insurrection. Autour du livre de Kamo et Eric Hazan, Premi\u00e8res mesures r\u00e9volutionnaires\u00a0<\/a><\/span>\u00bb <\/strong>(mai 2014)<strong><br \/>\n<\/strong><\/span><\/h4>\n<h4 style=\"text-align: left;padding-left: 160px\"><span style=\"color: #000000\"><strong>&gt; \u00ab <span style=\"color: #993366\"><a style=\"color: #993366\" href=\"https:\/\/ddt21.noblogs.org\/?page_id=119\">Lutte des glaces (\u00e0 propos de \u201cSnowpiercer, le Transperceneige\u201d)<\/a><\/span>\u00bb <\/strong>(juillet 2014)<strong><br \/>\n<\/strong><\/span><\/h4>\n<h4 style=\"padding-left: 160px\"><span style=\"color: #000000\"><strong>&gt; <\/strong>avec <strong>G. D.<\/strong><\/span><span style=\"color: #000000\"><strong>, \u00ab<\/strong><\/span><span style=\"color: #993366\"><a style=\"color: #993366\" href=\"https:\/\/ddt21.noblogs.org\/?page_id=309\"><strong> Eloge du zombie (World War Z)<\/strong><\/a> <\/span><span style=\"color: #000000\"><strong>\u00bb <\/strong>(d\u00e9cembre 2014)<\/span><\/h4>\n<h4 style=\"padding-left: 160px\"><span style=\"color: #000000\"><strong>&gt; <\/strong>avec<strong> G. D., \u00ab <\/strong><\/span><span style=\"color: #993366\"><a style=\"color: #993366\" href=\"https:\/\/ddt21.noblogs.org\/?page_id=324\"><strong>Kurdistan ?<\/strong><\/a><\/span> <span style=\"color: #000000\"><strong>\u00bb <\/strong>(janvier 2015)<\/span><\/h4>\n<h4 style=\"padding-left: 160px\"><a href=\"https:\/\/ddt21.noblogs.org\/?page_id=470\" target=\"_blank\" rel=\"noopener noreferrer\"><strong>&gt; <\/strong><span style=\"color: #000000\"><strong>\u00ab<\/strong><\/span> <strong><span style=\"color: #993366\">Du spirituel dans l\u2019homme et dans le prol\u00e9taire en particulier. Autour de Houellebecq et de \u201cSoumission\u201d<\/span> <\/strong><span style=\"color: #000000\"><strong>\u00bb <\/strong>(juin 2015)<\/span><\/a><\/h4>\n<h4 style=\"padding-left: 160px\"><strong>&gt; <\/strong><span style=\"color: #000000\"><strong>\u00ab <\/strong><\/span><strong><a href=\"https:\/\/ddt21.noblogs.org\/?page_id=667\" target=\"_blank\" rel=\"noopener noreferrer\">Califat et barbarie. Premi\u00e8re partie : De l\u2019\u00c9tat <\/a><\/strong><span style=\"color: #000000\"><strong>\u00bb <\/strong>(d\u00e9cembre 2015)<\/span><\/h4>\n<h4 style=\"padding-left: 160px\"><strong>&gt; <\/strong><span style=\"color: #000000\"><strong>\u00ab <\/strong><\/span><strong><a href=\"https:\/\/ddt21.noblogs.org\/?page_id=728\" target=\"_blank\" rel=\"noopener noreferrer\">Califat et barbarie. Deuxi\u00e8me partie : De l\u2019utopie <\/a><\/strong><span style=\"color: #000000\"><strong>\u00bb <\/strong>(d\u00e9cembre 2015)<\/span><\/h4>\n<h4 style=\"padding-left: 160px\"><strong>&gt; \u00ab <a href=\"https:\/\/ddt21.noblogs.org\/?page_id=1030\" target=\"_blank\" rel=\"noopener noreferrer\">Califat et barbarie : En attendant Raqqa<\/a><\/strong> <strong>\u00bb<\/strong> (juillet 2016)<strong><em><br \/>\n<\/em><\/strong><\/h4>\n<h4 style=\"padding-left: 160px\"><strong>&gt; \u00ab <a href=\"https:\/\/ddt21.noblogs.org\/?page_id=1174\" target=\"_blank\" rel=\"noopener noreferrer\">Carambolage \u00e0 R\u00e9publique<\/a> \u00bb <\/strong>(octobre 2016)<\/h4>\n<h4 style=\"padding-left: 160px\"><strong>&gt; \u00ab\u00a0<a href=\"https:\/\/ddt21.noblogs.org\/?page_id=1348\" target=\"_blank\" rel=\"noopener noreferrer\">Manu militari ? Pour un abordage iconoclaste de la question martiale<\/a> \u00bb <\/strong>(f\u00e9vrier 2017)<\/h4>\n<h4 style=\"padding-left: 160px\"><strong>&gt; \u00ab <a href=\"https:\/\/ddt21.noblogs.org\/?page_id=1906\" target=\"_blank\" rel=\"noopener noreferrer\">Califat et barbarie : la lutte finale<\/a> ? \u00bb <\/strong>(d\u00e9cembre 2017)<\/h4>\n<h4 style=\"padding-left: 160px\"><strong>&gt; \u00ab\u00a0<a href=\"https:\/\/ddt21.noblogs.org\/?page_id=2004&amp;preview=true\" target=\"_blank\" rel=\"noopener noreferrer\">Race et Nouvelle droite<\/a> \u00bb <\/strong>(mars 2018)<\/h4>\n<p style=\"padding-left: 160px\"><strong>&gt; \u00ab <a href=\"https:\/\/ddt21.noblogs.org\/?page_id=2083\" target=\"_blank\" rel=\"noopener noreferrer\">Comme le Port-Salut <\/a><\/strong>\u00bb (septembre 2018)<\/p>\n<h4 style=\"padding-left: 160px\">&gt; <strong>\u00ab\u00a0<a href=\"https:\/\/ddt21.noblogs.org\/?page_id=2260\" target=\"_blank\" rel=\"noopener noreferrer\">Sur les Gilets jaunes<\/a> \u00bb <\/strong>(sept \u00e9pisodes de mai \u00e0 juillet 2019)<\/h4>\n<h4 style=\"padding-left: 160px\">&gt; <strong>\u00ab Irak, de l\u2019\u00e9meute \u00e0 l\u2019impossible r\u00e9forme. 2018-2019 \u00bb <\/strong>(texte en trois parties, novembre-d\u00e9cembre 2019) \/ <a href=\"https:\/\/ddt21.noblogs.org\/?page_id=2517\" target=\"_blank\" rel=\"noopener noreferrer\">Premi\u00e8re partie<\/a> \/ <a href=\"https:\/\/ddt21.noblogs.org\/?page_id=2545\" target=\"_blank\" rel=\"noopener noreferrer\">Deuxi\u00e8me partie<\/a>.<\/h4>\n<p style=\"padding-left: 160px\">&gt; avec C\u00e9line Alkamar<strong>, \u00ab <\/strong><a href=\"https:\/\/ddt21.noblogs.org\/?page_id=2774\" target=\"_blank\" rel=\"noopener noreferrer\"><b>Quoi qu\u2019il en co\u00fbte.<\/b><\/a><a href=\"https:\/\/ddt21.noblogs.org\/?page_id=2774\" target=\"_blank\" rel=\"noopener noreferrer\"><b> Le virus, l\u2019\u00c9tat et nous <\/b><\/a><strong>\u00bb <\/strong>(avril 2020).<\/p>\n<p style=\"padding-left: 160px\"><strong>&gt; \u00ab <a href=\"https:\/\/ddt21.noblogs.org\/?page_id=2932\" target=\"_blank\" rel=\"noopener noreferrer\">Abolir la police ?<\/a> \u00bb <\/strong>(septembre 2020)<\/p>\n<p style=\"padding-left: 160px\"><strong>&gt; \u00ab \u00c0 propos de l\u02bceffondrement catholique et de quelques autres croyance \u00bb <\/strong>(texte en deux parties, octobre-novembre 2021) \/ <a href=\"https:\/\/ddt21.noblogs.org\/?page_id=3309\" target=\"_blank\" rel=\"noopener\">Premi\u00e8re partie<\/a> \/ Deuxi\u00e8me partie.<\/p>\n<blockquote><p>&nbsp;<\/p><\/blockquote>\n<p>&nbsp;<\/p>\n<h3><a href=\"https:\/\/ddt21.noblogs.org\/files\/2020\/03\/1577459415472477.jpg\"><img loading=\"lazy\" decoding=\"async\" class=\"size-thumbnail wp-image-2726 alignnone\" src=\"https:\/\/ddt21.noblogs.org\/files\/2020\/03\/1577459415472477-150x150.jpg\" alt=\"\" width=\"150\" height=\"150\" \/><\/a><strong>\u00a0\u00a0\u00a0<span style=\"color: #000000\">\u00a0<span style=\"text-decoration: underline\">Lola Miesseroff<\/span><\/span><\/strong><\/h3>\n<h4 style=\"padding-left: 160px\"><strong>&gt; <\/strong><strong>\u00ab\u00a0<a href=\"https:\/\/ddt21.noblogs.org\/?page_id=1769\" target=\"_blank\" rel=\"noopener noreferrer\">Explosons les codes sexuels ! Une ancienne du FHAR parle<\/a><\/strong> <strong>\u00bb<\/strong> (septembre 2017)<\/h4>\n<h4 style=\"padding-left: 160px\"><strong>&gt; <\/strong><strong>\u00ab\u00a0<a href=\"https:\/\/ddt21.noblogs.org\/?page_id=1885&amp;preview=true\" target=\"_blank\" rel=\"noopener noreferrer\">Portrait du travailleur intellectuel en \u00ab capitaliste du savoir<\/a> \u00bb<\/strong> (d\u00e9cembre 2017)<\/h4>\n<h4 style=\"padding-left: 160px\"><strong>&gt; <\/strong><strong>\u00ab <a href=\"https:\/\/ddt21.noblogs.org\/?page_id=2701\" target=\"_blank\" rel=\"noopener noreferrer\">Salman, le divin blasph\u00e9mateur<\/a> \u00bb<\/strong> (mars 2020)<\/h4>\n<p>&nbsp;<\/p>\n<h3><a href=\"https:\/\/ddt21.noblogs.org\/files\/2020\/04\/chat.jpeg\"><img loading=\"lazy\" decoding=\"async\" class=\"size-thumbnail wp-image-2738 alignnone\" src=\"https:\/\/ddt21.noblogs.org\/files\/2020\/04\/chat-150x150.jpeg\" alt=\"\" width=\"150\" height=\"150\" \/><\/a> \u00a0 <span style=\"text-decoration: underline\"><span style=\"font-family: Georgia, serif\"><b>C\u00e9line Alkamar<\/b><\/span><\/span><\/h3>\n<h4 style=\"padding-left: 160px\"><strong>&gt; <\/strong>avec<strong> Tristan Leoni, \u00ab <\/strong><a href=\"https:\/\/ddt21.noblogs.org\/?page_id=2774\" target=\"_blank\" rel=\"noopener noreferrer\"><b><\/b><span style=\"font-family: Georgia, serif\"><b>Quoi qu\u2019il en co\u00fbte.<br \/>\n<\/b><span style=\"color: #000000\"><b>Le virus, l\u2019\u00c9tat et nous <\/b><\/span><\/span><\/a><strong>\u00bb <\/strong>(avril 2020)<\/h4>\n<p>&nbsp;<\/p>\n<h3><span style=\"text-decoration: underline;color: #000000\"><strong><a href=\"https:\/\/ddt21.noblogs.org\/files\/2014\/10\/02.jpg\"><img loading=\"lazy\" decoding=\"async\" class=\"alignnone size-thumbnail wp-image-261\" src=\"https:\/\/ddt21.noblogs.org\/files\/2014\/10\/02-150x150.jpg\" alt=\"02\" width=\"150\" height=\"150\" srcset=\"https:\/\/ddt21.noblogs.org\/files\/2014\/10\/02-150x150.jpg 150w, https:\/\/ddt21.noblogs.org\/files\/2014\/10\/02-300x300.jpg 300w, https:\/\/ddt21.noblogs.org\/files\/2014\/10\/02.jpg 354w\" sizes=\"auto, (max-width: 150px) 100vw, 150px\" \/><\/a><\/strong><\/span><span style=\"color: #000000\"><strong>\u00a0\u00a0\u00a0\u00a0<\/strong><\/span> <span style=\"text-decoration: underline;color: #000000\"><strong>DDT21<\/strong><\/span><\/h3>\n<h4 style=\"padding-left: 150px\"><span style=\"color: #000000\"><strong>&gt; \u00ab <span style=\"color: #993366\"><a style=\"color: #993366\" href=\"https:\/\/ddt21.noblogs.org\/?page_id=111\">C\u2019est d\u00e9j\u00e0 beaucoup (mise au point sur la communisation) <\/a><\/span>\u00bb<\/strong> (juin 2014)<\/span><\/h4>\n<h4 style=\"padding-left: 150px\"><span style=\"color: #000000\"><strong>&gt; \u00ab <\/strong><\/span><span style=\"color: #993366\"><a style=\"color: #993366\" href=\"https:\/\/ddt21.noblogs.org\/?page_id=399\"><strong>Ne lisez pas \/ Lisez<\/strong> <\/a><\/span><span style=\"color: #000000\"><strong>\u00bb<\/strong> (avril 2015)<\/span><\/h4>\n<h4 style=\"padding-left: 150px\"><strong>&gt; \u00ab <a href=\"https:\/\/ddt21.noblogs.org\/?page_id=797\" target=\"_blank\" rel=\"noopener noreferrer\">Ennemi Int\u00e9rieur\u00a0: le Monstre sur le seuil<\/a> \u00bb<\/strong> (janvier 2016)<strong><em><br \/>\n<\/em><\/strong><\/h4>\n<p>&nbsp;<\/p>\n<h4><\/h4>\n<h3><a href=\"https:\/\/ddt21.noblogs.org\/files\/2014\/10\/01.jpg\"><img loading=\"lazy\" decoding=\"async\" class=\"alignnone size-thumbnail wp-image-262\" src=\"https:\/\/ddt21.noblogs.org\/files\/2014\/10\/01-150x150.jpg\" alt=\"01\" width=\"150\" height=\"150\" srcset=\"https:\/\/ddt21.noblogs.org\/files\/2014\/10\/01-150x150.jpg 150w, https:\/\/ddt21.noblogs.org\/files\/2014\/10\/01-300x300.jpg 300w, https:\/\/ddt21.noblogs.org\/files\/2014\/10\/01.jpg 354w\" sizes=\"auto, (max-width: 150px) 100vw, 150px\" \/><\/a>\u00a0\u00a0\u00a0\u00a0 <span style=\"text-decoration: underline\"><span style=\"color: #000000;text-decoration: underline\"><strong>Autres<\/strong><\/span><span style=\"color: #000000;text-decoration: underline\"><strong> auteurs<\/strong><\/span><\/span><\/h3>\n<h4 style=\"padding-left: 150px\"><span style=\"color: #000000\"><strong>&gt; <em>Mafalda et Val\u00e9rian<\/em><\/strong><\/span>, <span style=\"color: #000000\"><strong>\u00ab <span style=\"color: #993366\"><a style=\"color: #993366\" href=\"https:\/\/ddt21.noblogs.org\/?page_id=201\">On a les chefs qu&rsquo;on m\u00e9rite. \u00c0 propos du mouvement des intermittents du spectacle <\/a><\/span><\/strong><strong>\u00bb <\/strong>(octobre 2014)<strong><em><br \/>\n<\/em><\/strong><\/span><\/h4>\n<h4 style=\"padding-left: 150px\"><strong>&gt; <em>T.K.G.V., <\/em>\u00ab <a href=\"https:\/\/ddt21.noblogs.org\/?page_id=914\" target=\"_blank\" rel=\"noopener noreferrer\">Lettre \u00e0 des amis \u00ab rojavistes \u00bb<\/a><\/strong> <strong>\u00bb<\/strong> (mai 2016)<strong><em><br \/>\n<\/em><\/strong><\/h4>\n<h4 style=\"padding-left: 150px\">&gt; <span style=\"color: #000000\"><em><strong>W.K.P.<\/strong><\/em><\/span>, <strong>\u00ab\u00a0<a href=\"https:\/\/ddt21.noblogs.org\/?page_id=2647\" target=\"_blank\" rel=\"noopener noreferrer\">Th\u00e9orie du prol\u00e9tariat. Une histoire<\/a> \u00bb<\/strong> (f\u00e9vrier 2020)<\/h4>\n<h4><\/h4>\n<p>&nbsp;<\/p>\n","protected":false},"excerpt":{"rendered":"<p>\u00a0\u00a0\u00a0\u00a0 G. D. &gt; \u00ab\u00a0La Boulang\u00e8re et le th\u00e9oricien (sur la th\u00e9orie de la forme-valeur)\u00a0\u00bb (mai 2014) &gt; \u00ab Le militant au 21e si\u00e8cle \u00bb (ao\u00fbt 2014) &gt; \u00ab Pourquoi je n\u2019aime pas \u201cLand and Freedom\u201d de Ken Loach \u00bb &hellip; <a href=\"https:\/\/ddt21.noblogs.org\/?page_id=231\">Continuer la lecture <span class=\"meta-nav\">&rarr;<\/span><\/a><\/p>\n","protected":false},"author":8284,"featured_media":0,"parent":0,"menu_order":0,"comment_status":"closed","ping_status":"closed","template":"","meta":{"footnotes":""},"class_list":["post-231","page","type-page","status-publish","hentry"],"_links":{"self":[{"href":"https:\/\/ddt21.noblogs.org\/index.php?rest_route=\/wp\/v2\/pages\/231","targetHints":{"allow":["GET"]}}],"collection":[{"href":"https:\/\/ddt21.noblogs.org\/index.php?rest_route=\/wp\/v2\/pages"}],"about":[{"href":"https:\/\/ddt21.noblogs.org\/index.php?rest_route=\/wp\/v2\/types\/page"}],"author":[{"embeddable":true,"href":"https:\/\/ddt21.noblogs.org\/index.php?rest_route=\/wp\/v2\/users\/8284"}],"replies":[{"embeddable":true,"href":"https:\/\/ddt21.noblogs.org\/index.php?rest_route=%2Fwp%2Fv2%2Fcomments&post=231"}],"version-history":[{"count":55,"href":"https:\/\/ddt21.noblogs.org\/index.php?rest_route=\/wp\/v2\/pages\/231\/revisions"}],"predecessor-version":[{"id":3327,"href":"https:\/\/ddt21.noblogs.org\/index.php?rest_route=\/wp\/v2\/pages\/231\/revisions\/3327"}],"wp:attachment":[{"href":"https:\/\/ddt21.noblogs.org\/index.php?rest_route=%2Fwp%2Fv2%2Fmedia&parent=231"}],"curies":[{"name":"wp","href":"https:\/\/api.w.org\/{rel}","templated":true}]}}