{"id":1626,"date":"2017-07-24T15:21:41","date_gmt":"2017-07-24T13:21:41","guid":{"rendered":"https:\/\/ddt21.noblogs.org\/?page_id=1626"},"modified":"2017-07-24T18:10:15","modified_gmt":"2017-07-24T16:10:15","slug":"lpr-identites-algeriennes","status":"publish","type":"page","link":"https:\/\/ddt21.noblogs.org\/?page_id=1626","title":{"rendered":"LPR \/ Identit\u00e9s alg\u00e9riennes\u00a0?"},"content":{"rendered":"<p><span style=\"color: #000000\"><span style=\"font-size: medium\"><a href=\"https:\/\/ddt21.noblogs.org\/files\/2017\/07\/Kamel-Daoud-Mes-ind\u00e9pendances.png\"><img loading=\"lazy\" decoding=\"async\" class=\"alignleft size-medium wp-image-1632\" src=\"https:\/\/ddt21.noblogs.org\/files\/2017\/07\/Kamel-Daoud-Mes-ind\u00e9pendances-281x300.png\" alt=\"\" width=\"281\" height=\"300\" srcset=\"https:\/\/ddt21.noblogs.org\/files\/2017\/07\/Kamel-Daoud-Mes-ind\u00e9pendances-281x300.png 281w, https:\/\/ddt21.noblogs.org\/files\/2017\/07\/Kamel-Daoud-Mes-ind\u00e9pendances-768x819.png 768w, https:\/\/ddt21.noblogs.org\/files\/2017\/07\/Kamel-Daoud-Mes-ind\u00e9pendances-961x1024.png 961w, https:\/\/ddt21.noblogs.org\/files\/2017\/07\/Kamel-Daoud-Mes-ind\u00e9pendances.png 1380w\" sizes=\"auto, (max-width: 281px) 100vw, 281px\" \/><\/a><\/span><\/span><strong>Kamel Daoud, <i>Mes ind\u00e9pendances. Chroniques 2010-2016<\/i>, Arles, Actes Sud, 2017, 478\u00a0p.<\/strong><\/p>\n<p><span style=\"color: #000000\"><span style=\"font-size: medium\">Personne n\u2019est parfait. Kamel Daoud est journaliste, \u00e9crivain et d\u00e9mocrate. Entre\u00a02010 et\u00a02016 ce sont pr\u00e8s de 2000\u00a0chroniques qu\u2019il publie dans la presse alg\u00e9rienne, principalement dans <\/span><\/span><span style=\"color: #000000\"><span style=\"font-size: medium\"><i>Le Quotidien d\u2019Oran\u00a0<\/i><\/span><\/span><span style=\"color: #000000\"><span style=\"font-size: medium\">; 182, s\u00e9lectionn\u00e9es pour un public fran\u00e7ais, sont regroup\u00e9es dans <\/span><\/span><span style=\"color: #000000\"><span style=\"font-size: medium\"><i>Mes ind\u00e9pendances.<\/i><\/span><\/span><span style=\"color: #000000\"><span style=\"font-size: medium\"> La France n\u2019est d\u2019ailleurs jamais tr\u00e8s loin, et bien des sujets semblent familiers\u00a0: l\u2019islam\u00a0; l\u2019\u00c9tat islamique\u00a0; les Printemps arabes\u00a0; la d\u00e9mocratie (\u00ab\u00a0<\/span><\/span><span style=\"color: #000000\"><span style=\"font-size: medium\"><i>Faut-il laisser les peuples \u201carabes\u201d voter\u00a0?\u00a0<\/i><\/span><\/span><span style=\"color: #000000\"><span style=\"font-size: medium\">\u00bb)\u00a0; la Palestine (mais contre \u00ab\u00a0<\/span><\/span><span style=\"color: #000000\"><span style=\"font-size: medium\"><i>la \u201csolidarit\u00e9\u201d par conditionnement religieux ou \u201cnationaliste\u201d\u00a0<\/i><\/span><\/span><span style=\"color: #000000\"><span style=\"font-size: medium\">\u00bb, et contre \u00ab<\/span><\/span><span style=\"color: #000000\"><span style=\"font-size: medium\"><i>\u00a0l\u2019orthodoxie pro-palestinienne que l\u2019on ne doit jamais penser ni interroger\u00a0<\/i><\/span><\/span><span style=\"color: #000000\"><span style=\"font-size: medium\">\u00bb)\u00a0; la femme (qui \u00ab<\/span><\/span><span style=\"color: #000000\"><span style=\"font-size: medium\"><i>\u00a0dans la nuit alg\u00e9rienne est une impossibilit\u00e9\u00a0<\/i><\/span><\/span><span style=\"color: #000000\"><span style=\"font-size: medium\">\u00bb)\u00a0; l\u2019occidentalo-centrisme\u00a0; les binationaux\u00a0; ou\u2026 le Qu\u00e9bec (\u00ab<\/span><\/span><span style=\"color: #000000\"><span style=\"font-size: medium\"><i>\u00a0le troisi\u00e8me pays des Alg\u00e9riens\u00a0<\/i><\/span><\/span><span style=\"color: #000000\"><span style=\"font-size: medium\">\u00bb).<\/span><\/span><\/p>\n<p><span style=\"color: #000000\"><span style=\"font-size: medium\">Tableau pointilliste d\u2019une Alg\u00e9rie en ruine \u00e9conomique et morale, n\u00e9vros\u00e9e, pill\u00e9e depuis\u00a01962 par une caste dirigeante corrompue, d\u2019un peuple de \u00ab<\/span><\/span><span style=\"color: #000000\"><span style=\"font-size: medium\"><i>\u00a0fils de la n\u00e9vrose\u00a0<\/i><\/span><\/span><span style=\"color: #000000\"><span style=\"font-size: medium\">\u00bb cherchant la fuite dans le wahhabisme (comme on le ferait dans l\u2019alcool), le suicide ou l\u2019\u00e9migration. \u00ab\u00a0<\/span><\/span><span style=\"color: #000000\"><span style=\"font-size: medium\"><i>Il n\u2019y a que deux emplois dans ce pays\u00a0: travailler pour l\u2019\u00c9tat ou ne pas avoir de travail. Agent de s\u00e9curit\u00e9 ou agent d\u2019ins\u00e9curit\u00e9. Manger le p\u00e9trole ou se faire manger sa part et sa peau.\u00a0<\/i><\/span><\/span><span style=\"color: #000000\"><span style=\"font-size: medium\">\u00bb Mais, si le peuple ne se soul\u00e8ve pas, il n\u2019est \u00ab\u00a0<\/span><\/span><span style=\"color: #000000\"><span style=\"font-size: medium\"><i>pas totalement couch\u00e9\u00a0<\/i><\/span><\/span><span style=\"color: #000000\"><span style=\"font-size: medium\">\u00bb mais dans \u00ab\u00a0<\/span><\/span><span style=\"color: #000000\"><span style=\"font-size: medium\"><i>une sorte de position oblique qui d\u00e9route l\u2019analyse \u00e9trang\u00e8re et introduit la g\u00e9om\u00e9trie dans la math\u00e9matique\u00a0<\/i><\/span><\/span><span style=\"color: #000000\"><span style=\"font-size: medium\">\u00bb.<\/span><\/span><\/p>\n<p><span style=\"color: #000000\"><span style=\"font-size: medium\">Une question hante ces pages\u00a0: qu\u2019est-ce qu\u2019\u00eatre Alg\u00e9rien\u00a0? L\u2019\u00c9tat-FLN a impos\u00e9 une r\u00e9ponse faite d\u2019arabit\u00e9 et d\u2019islam. Daoud montre \u00e0 ceux qui en douteraient que rien n\u2019est moins simple, que ce soit en mati\u00e8re d\u2019ethnie (arabe et kabyle), de langue (entre arabe, alg\u00e9rien, kabyle et fran\u00e7ais\u2026 l\u2019arabe comme \u00ab<\/span><\/span><span style=\"color: #000000\"><span style=\"font-size: medium\"><i>\u00a0langue de colonisation\u00a0<\/i><\/span><\/span><span style=\"color: #000000\"><span style=\"font-size: medium\">\u00bb, \u00ab<\/span><\/span><span style=\"color: #000000\"><span style=\"font-size: medium\"><i>\u00a0langue morte\u00a0<\/i><\/span><\/span><span style=\"color: #000000\"><span style=\"font-size: medium\">\u00bb utilis\u00e9e par les \u00e9lites politiques et religieuses), d\u2019unit\u00e9 territoriale (l\u2019auteur d\u00e9couvre un Sud tr\u00e8s diff\u00e9rent et bien plus libre), d\u2019influences coloniales successives, etc. Le r\u00e9cit national officiel, mythifi\u00e9 et obs\u00e9dant, est construit sur cette r\u00e9volution qui a lib\u00e9r\u00e9 le pays des colonisateurs mais pas des d\u00e9colonisateurs\u2026 tabous et non-dits autour de ces nationalistes alg\u00e9riens parfois n\u00e9s au Maroc ou de parents marocains. Il faut sans doute \u00eatre n\u00e9 en France pour avoir des certitudes sur l\u2019identit\u00e9 alg\u00e9rienne ou sur l\u2019arabit\u00e9, cette \u00ab<\/span><\/span><span style=\"color: #000000\"><span style=\"font-size: medium\"><i>\u00a0communaut\u00e9 identitaire fantasmatique\u00a0<\/i><\/span><\/span><span style=\"color: #000000\"><span style=\"font-size: medium\">\u00bb\u2026 \u00ab<\/span><\/span><span style=\"color: #000000\"><span style=\"font-size: medium\"><i>\u00a0c\u2019est dur d\u2019\u00eatre arabe, surtout lorsqu\u2019on n\u2019est pas un Arabe\u00a0<\/i><\/span><\/span><span style=\"color: #000000\"><span style=\"font-size: medium\">\u00bb.<\/span><\/span><\/p>\n<p><span style=\"color: #000000\"><span style=\"font-size: medium\">L\u2019alternative qui vient, loin du traditionnel malikisme, c\u2019est le wahhabisme. Simple et pratique, son syst\u00e8me binaire hallal\/haram offre \u00e0 la population un \u00ab<\/span><\/span><span style=\"color: #000000\"><span style=\"font-size: medium\"><i>\u00a0succ\u00e9dan\u00e9 de l\u2019identit\u00e9\u00a0<\/i><\/span><\/span><span style=\"color: #000000\"><span style=\"font-size: medium\">\u00bb. Daoud, qui a \u00e9t\u00e9 islamiste dans sa jeunesse, d\u00e9crit une Alg\u00e9rie progressivement dissoute dans le FIS, une \u00ab<\/span><\/span><span style=\"color: #000000\"><span style=\"font-size: medium\"><i>\u00a0daeshisation\u00a0<\/i><\/span><\/span><span style=\"color: #000000\"><span style=\"font-size: medium\">\u00bb des esprits et un \u00ab<\/span><\/span><span style=\"color: #000000\"><span style=\"font-size: medium\"><i>\u00a0Califat qui s\u2019est install\u00e9 dans les rues\u00a0<\/i><\/span><\/span><span style=\"color: #000000\"><span style=\"font-size: medium\">\u00bb. Les r\u00e9gimes \u00ab\u00a0arabes\u00a0\u00bb ont souvent compris \u00ab<\/span><\/span><span style=\"color: #000000\"><span style=\"font-size: medium\"><i>\u00a0le b\u00e9n\u00e9fice d\u2019une alliance passive avec les islamistes pour f\u00e9odaliser les peuples et convertir le citoyen en croyant et le croyant en serf\u00a0<\/i><\/span><\/span><span style=\"color: #000000\"><span style=\"font-size: medium\">\u00bb. Le FLN ne fait pas exception\u00a0: \u00ab\u00a0<\/span><\/span><span style=\"color: #000000\"><span style=\"font-size: medium\"><i>On ne fabrique pas un islamiste et un djihadiste lorsqu\u2019on se r\u00e9volte contre un r\u00e9gime. On fabrique des djihadistes quand on construit la plus grande mosqu\u00e9e d\u2019Afrique et pas le plus grand pays, quand on pourchasse les couples et les libert\u00e9s, quand on encourage le bigotisme et les fatwas et quand on \u201ctalibanise\u201d les \u00e9coles et les \u00e9coliers.\u00a0<\/i><\/span><\/span><span style=\"color: #000000\"><span style=\"font-size: medium\">\u00bb Ce ph\u00e9nom\u00e8ne, qu\u2019il compare \u00e0 la mont\u00e9e du FN, trouve selon lui source en Arabie saoudite, ce \u00ab<\/span><\/span><span style=\"color: #000000\"><span style=\"font-size: medium\"><i>\u00a0Daech qui a r\u00e9ussi\u00a0<\/i><\/span><\/span><span style=\"color: #000000\"><span style=\"font-size: medium\">\u00bb et inonde la plan\u00e8te d\u2019\u00e9coles, de cha\u00eenes TV, et de livres religieux.<\/span><\/span><\/p>\n<p><span style=\"color: #000000\"><span style=\"font-size: medium\">Les islamistes n\u2019aiment pas la vie, qui est pour eux une perte de temps avant l\u2019\u00e9ternit\u00e9\u00a0; d\u2019o\u00f9, paradoxalement, le fait qu\u2019ils sont ceux qui parlent le plus de sexe (sinon les seuls) en une sorte de \u00ab<\/span><\/span><span style=\"color: #000000\"><span style=\"font-size: medium\"><i>\u00a0libido-islamisme conqu\u00e9rant\u00a0<\/i><\/span><\/span><span style=\"color: #000000\"><span style=\"font-size: medium\">\u00bb. La sexualit\u00e9, les relations femme\/homme, le corps ou le d\u00e9sir sont des questions particuli\u00e8rement pr\u00e9sentes dans ces chroniques. Et si Daoud est connu en milieu militant c\u2019est peut-\u00eatre par ce qu\u2019il a \u00e9crit sur les agressions de Cologne du 31\u00a0d\u00e9cembre 2015, \u00ab<\/span><\/span><span style=\"color: #000000\"><span style=\"font-size: medium\"><i>\u00a0la mis\u00e8re des sens dans les terres \u00e0 turbans\u00a0<\/i><\/span><\/span><span style=\"color: #000000\"><span style=\"font-size: medium\">\u00bb\u2026 En l\u2019accusant d\u2019\u00ab\u00a0islamophobie\u00a0\u00bb, les universitaires <\/span><\/span><span style=\"color: #000000\"><span style=\"font-size: medium\">fran\u00e7ais <\/span><\/span><span style=\"color: #000000\"><span style=\"font-size: medium\">confirmaient une fatwa de\u00a02014 qui le condamne \u00e0 mort (le plus grave <\/span><\/span><span style=\"color: #000000\"><span style=\"font-size: medium\">\u00e9tant sans doute qu\u2019il <\/span><\/span><span style=\"color: #000000\"><span style=\"font-size: medium\">ait publi\u00e9 son article <\/span><\/span><span style=\"color: #000000\"><span style=\"font-size: medium\">dans le <\/span><\/span><span style=\"color: #000000\"><span style=\"font-size: medium\"><i>New York Times<\/i><\/span><\/span><span style=\"color: #000000\"><span style=\"font-size: medium\"> et <\/span><\/span><span style=\"color: #000000\"><span style=\"font-size: medium\"><i>Le Monde,<\/i><\/span><\/span><span style=\"color: #000000\"><span style=\"font-size: medium\"> et non plus dans <\/span><\/span><span style=\"color: #000000\"><span style=\"font-size: medium\"><i>Le Quotidien d\u2019Oran<\/i><\/span><\/span><span style=\"color: #000000\"><span style=\"font-size: medium\">). Et le chroniqueur de s\u2019interroger sur le sens et l\u2019usage des mots (\u00ab<\/span><\/span><span style=\"color: #000000\"><span style=\"font-size: medium\"><i>\u00a0vous \u00eates islamophobe si vous \u00eates diff\u00e9rent et que vous le dites\u00a0<\/i><\/span><\/span><span style=\"color: #000000\"><span style=\"font-size: medium\">\u00bb).<\/span><\/span><\/p>\n<p><span style=\"color: #000000\"><span style=\"font-size: medium\">L\u2019int\u00e9r\u00eat de ces chroniques ne r\u00e9side pas tant dans les prises de positions de Kamel Daoud, qui en Alg\u00e9rie passent pour subversives, mais en France sont publi\u00e9es dans <\/span><\/span><span style=\"color: #000000\"><span style=\"font-size: medium\"><i>Le Point<\/i><\/span><\/span><span style=\"color: #000000\"><span style=\"font-size: medium\">.<\/span><\/span><span style=\"color: #000000\"><span style=\"font-size: medium\"> Ses analyses ont surtout le m\u00e9rite de nous inviter \u00e0 un pas de c\u00f4t\u00e9, et de nous aider \u00e0 aborder la r\u00e9alit\u00e9 sous un angle inhabituel qui permet d\u2019\u00e9carter bien des st\u00e9r\u00e9otypes \u2013\u00a0apport pr\u00e9cieux pour ceux qui r\u00e9fl\u00e9chissent (ou fantasment) sur les questions identitaires et religieuses en mode de production capitaliste.<\/span><\/span><\/p>\n<p align=\"RIGHT\"><span style=\"font-size: medium\"><strong><span style=\"color: #000000\">Tristan Leoni, juillet 2017<\/span><\/strong><\/span><\/p>\n<p align=\"LEFT\"><span style=\"color: #000000\"><span style=\"font-size: medium\">A lire \u00e9galement : <\/span><\/span><span style=\"color: #000000\"><span style=\"font-size: medium\">Kamel Daoud est l\u2019auteur de <i>Meursault, contre-enqu\u00eate<\/i>, Arles, Actes Sud, 2014, 152\u00a0p. <\/span><\/span><\/p>\n","protected":false},"excerpt":{"rendered":"<p>Kamel Daoud, Mes ind\u00e9pendances. Chroniques 2010-2016, Arles, Actes Sud, 2017, 478\u00a0p. Personne n\u2019est parfait. Kamel Daoud est journaliste, \u00e9crivain et d\u00e9mocrate. Entre\u00a02010 et\u00a02016 ce sont pr\u00e8s de 2000\u00a0chroniques qu\u2019il publie dans la presse alg\u00e9rienne, principalement dans Le Quotidien d\u2019Oran\u00a0; 182, &hellip; <a href=\"https:\/\/ddt21.noblogs.org\/?page_id=1626\">Continuer la lecture <span class=\"meta-nav\">&rarr;<\/span><\/a><\/p>\n","protected":false},"author":8284,"featured_media":0,"parent":1074,"menu_order":0,"comment_status":"closed","ping_status":"closed","template":"","meta":{"footnotes":""},"class_list":["post-1626","page","type-page","status-publish","hentry"],"_links":{"self":[{"href":"https:\/\/ddt21.noblogs.org\/index.php?rest_route=\/wp\/v2\/pages\/1626","targetHints":{"allow":["GET"]}}],"collection":[{"href":"https:\/\/ddt21.noblogs.org\/index.php?rest_route=\/wp\/v2\/pages"}],"about":[{"href":"https:\/\/ddt21.noblogs.org\/index.php?rest_route=\/wp\/v2\/types\/page"}],"author":[{"embeddable":true,"href":"https:\/\/ddt21.noblogs.org\/index.php?rest_route=\/wp\/v2\/users\/8284"}],"replies":[{"embeddable":true,"href":"https:\/\/ddt21.noblogs.org\/index.php?rest_route=%2Fwp%2Fv2%2Fcomments&post=1626"}],"version-history":[{"count":5,"href":"https:\/\/ddt21.noblogs.org\/index.php?rest_route=\/wp\/v2\/pages\/1626\/revisions"}],"predecessor-version":[{"id":1647,"href":"https:\/\/ddt21.noblogs.org\/index.php?rest_route=\/wp\/v2\/pages\/1626\/revisions\/1647"}],"up":[{"embeddable":true,"href":"https:\/\/ddt21.noblogs.org\/index.php?rest_route=\/wp\/v2\/pages\/1074"}],"wp:attachment":[{"href":"https:\/\/ddt21.noblogs.org\/index.php?rest_route=%2Fwp%2Fv2%2Fmedia&parent=1626"}],"curies":[{"name":"wp","href":"https:\/\/api.w.org\/{rel}","templated":true}]}}