{"id":1110,"date":"2016-08-20T19:14:42","date_gmt":"2016-08-20T17:14:42","guid":{"rendered":"http:\/\/ddt21.noblogs.org\/?page_id=1110"},"modified":"2016-08-21T18:41:14","modified_gmt":"2016-08-21T16:41:14","slug":"lpr-crise-globale-societes-et-refroidissement-climatique-au-xviieme-siecle","status":"publish","type":"page","link":"https:\/\/ddt21.noblogs.org\/?page_id=1110","title":{"rendered":"LPR \/ Crise globale (soci\u00e9t\u00e9s et refroidissement climatique au XVII\u00e8me si\u00e8cle)"},"content":{"rendered":"<p align=\"JUSTIFY\"><span style=\"font-family: Georgia,serif\"><a href=\"https:\/\/ddt21.noblogs.org\/files\/2016\/08\/Crise-globale-Geoffrey-Parker-DDT21.jpg\"><img loading=\"lazy\" decoding=\"async\" class=\"alignleft size-medium wp-image-1119\" src=\"https:\/\/ddt21.noblogs.org\/files\/2016\/08\/Crise-globale-Geoffrey-Parker-DDT21-300x136.jpg\" alt=\"Crise globale, Geoffrey Parker, DDT21\" width=\"300\" height=\"136\" srcset=\"https:\/\/ddt21.noblogs.org\/files\/2016\/08\/Crise-globale-Geoffrey-Parker-DDT21-300x136.jpg 300w, https:\/\/ddt21.noblogs.org\/files\/2016\/08\/Crise-globale-Geoffrey-Parker-DDT21-768x348.jpg 768w, https:\/\/ddt21.noblogs.org\/files\/2016\/08\/Crise-globale-Geoffrey-Parker-DDT21-1024x463.jpg 1024w, https:\/\/ddt21.noblogs.org\/files\/2016\/08\/Crise-globale-Geoffrey-Parker-DDT21.jpg 2000w\" sizes=\"auto, (max-width: 300px) 100vw, 300px\" \/><\/a>Du royaume polono-lithuanien \u00e0 la Chine en passant par l\u2019empire ottoman, Geoffrey Parker dresse sur pr\u00e8s de 900 pages un tableau synoptique du monde affect\u00e9 par le \u201cpetit \u00e2ge glaciaire\u201d\u00a0: celui-ci s\u2019\u00e9tend du 14<\/span><sup><span style=\"font-family: Georgia,serif\">e<\/span><\/sup><span style=\"font-family: Georgia,serif\"> si\u00e8cle au 19<\/span><sup><span style=\"font-family: Georgia,serif\">e<\/span><\/sup><span style=\"font-family: Georgia,serif\">, mais atteint son paroxysme entre 1570 et 1730, et son maximum vers 1560-1600. <\/span><sup><span style=\"font-family: Georgia,serif\"><span lang=\"en-GB\"><a class=\"sdfootnoteanc\" href=\"#sdfootnote1sym\" name=\"sdfootnote1anc\"><sup>1<\/sup><\/a><\/span><\/span><\/sup><span style=\"font-family: Georgia,serif\"> Une variation de plus ou moins un dixi\u00e8me de degr\u00e9 avance ou retarde la maturation des r\u00e9coltes d\u2019un jour. Apr\u00e8s 1690, le refroidissement recule les moissons de deux semaines en moyenne dans les zones temp\u00e9r\u00e9es. Le froid n\u2019est d\u2019ailleurs pas le seul fl\u00e9au\u00a0: en 1645-46, il pleut presque toute une ann\u00e9e en Sicile.<\/span><\/p>\n<p align=\"JUSTIFY\"><span style=\"font-family: Georgia,serif\">Au 17<\/span><sup><span style=\"font-family: Georgia,serif\">e<\/span><\/sup><span style=\"font-family: Georgia,serif\"> si\u00e8cle, un tiers de l\u2019humanit\u00e9 en serait mort, directement ou indirectement. En France, entre 1691 et 1701, sur 20 millions d\u2019habitants, la \u00a0\u00ab\u00a0surmortalit\u00e9\u00a0\u00bb s\u2019\u00e9l\u00e8verait \u00e0 un million, dont 600.000 dans \u00ab\u00a0le Grand Hiver\u00a0\u00bb de 1708-1709. Les survivants\u00a0n\u2019en sortent pas indemnes\u00a0: la taille moyenne des soldats de Louis XIV diminue. Un chroniqueur allemand \u00e9crit en 1622\u00a0: \u00ab\u00a0On n\u2019\u00e9changeait plus avec de l\u2019argent, on faisait du troc \u00bb, mais \u00e0 Shanghai en 1642, selon Geoffrey Parker, \u00ab\u00a0la seule monnaie qui pouvait acheter du riz, c\u2019\u00e9taient les enfants\u00a0\u00bb. <\/span><\/p>\n<p align=\"JUSTIFY\"><span style=\"font-family: Georgia,serif\">Cependant, le cataclysme ne frappe pas \u00e9galement tous les pays\u00a0: l\u2019Inde des Moghols, l\u2019Iran, le Japon \u00e9chappent au pire. Lombardie est \u00e9pargn\u00e9e, Naples et la Sicile sont peu concern\u00e9s. Apr\u00e8s 1680, quoique le petit \u00e2ge glaciaire continue, les conflits politiques et sociaux s\u2019apaisent. \u00ab\u00a0La synergie fatale avait \u00e9t\u00e9 bris\u00e9e \u00bb, constate Parker. <\/span><\/p>\n<p align=\"JUSTIFY\"><span style=\"font-family: Georgia,serif\">Le facteur d\u00e9cisif n\u2019est pas le climat et ses cons\u00e9quences, mais la capacit\u00e9 des soci\u00e9t\u00e9s et des Etats \u00e0 s\u2019y adapter. <\/span><\/p>\n<p align=\"JUSTIFY\"><span style=\"font-family: Georgia,serif\">Si l\u2019empire ottoman est probablement le pays qui souffre le plus, il le doit \u00e0 sa situation g\u00e9opolitique et \u00e0 ses faiblesses structurelles. Inversement, le Japon unifi\u00e9 d\u00e9but 17<\/span><sup><span style=\"font-family: Georgia,serif\">e<\/span><\/sup><span style=\"font-family: Georgia,serif\"> si\u00e8cle par le clan Tokugawa\u00a0instaure un cadastre, un syst\u00e8me fiscal et des voies de communications alors in\u00e9gal\u00e9es en Europe. Pendant plus de deux si\u00e8cles, l\u2019\u00e9quilibre politique reposera sur un \u00ab\u00a0\u00a0compromis\u00a0social\u00bb entre la noblesse, la classe marchande et la paysannerie propri\u00e9taire. Quand survient la famine (1641-42), le r\u00e9gime fait des stocks et les r\u00e9partit, oblige \u00e0 cultiver du riz, mod\u00e8re les imp\u00f4ts, force \u00e0 la sobri\u00e9t\u00e9 contre le luxe, r\u00e9duit le commerce ext\u00e9rieur au minimum, et profite de l\u2019isolement g\u00e9ographique du pays pour \u00e9viter des d\u00e9penses militaires. Cette politique limite les effets de la crise et contr\u00f4le les troubles. <\/span><\/p>\n<p align=\"JUSTIFY\"><span style=\"font-family: Georgia,serif\">Le 21<\/span><sup><span style=\"font-family: Georgia,serif\">e<\/span><\/sup><span style=\"font-family: Georgia,serif\"> si\u00e8cle diff\u00e8re du 17<\/span><sup><span style=\"font-family: Georgia,serif\">e<\/span><\/sup><span style=\"font-family: Georgia,serif\"> : le syst\u00e8me capitaliste est devenu une force capable de bouleverser les \u00e9quilibres n\u00e9cessaires aux conditions mat\u00e9rielles de la vie sur Terre telle que nous la connaissons, et pas seulement par la pollution nucl\u00e9aire. La \u00ab\u00a0crise globale\u00a0\u00bb o\u00f9 nous sommes entr\u00e9s sera d\u2019une autre ampleur que celle analys\u00e9e par Parker. <\/span><sup><span style=\"font-family: Georgia,serif\"><b><a class=\"sdfootnoteanc\" href=\"#sdfootnote2sym\" name=\"sdfootnote2anc\"><sup>2<\/sup><\/a><\/b><\/span><\/sup><\/p>\n<p align=\"JUSTIFY\"><span style=\"font-family: Georgia,serif\">Pour autant, pas plus qu\u2019au 17<\/span><sup><span style=\"font-family: Georgia,serif\">e<\/span><\/sup><span style=\"font-family: Georgia,serif\"> si\u00e8cle, le changement climatique n\u2019est un nouvel agent historique rempla\u00e7ant l\u2019action humaine comme facteur d\u00e9cisif. Refroidissement et r\u00e9chauffement font seulement partie d\u2019une synergie dont les \u00e9l\u00e9ments convergent en crise. Ce que nous appelons \u00ab\u00a0nature\u00a0\u00bb ne joue un r\u00f4le que dans des dynamiques faites de situations et de contradictions sociales. Il n\u2019y a pas de d\u00e9terminisme climatique. <\/span><\/p>\n<p style=\"text-align: right\" align=\"JUSTIFY\"><strong>G. D., ao\u00fbt 2016.<\/strong><\/p>\n<div id=\"sdfootnote1\">\n<p align=\"JUSTIFY\"><a class=\"sdfootnotesym\" href=\"#sdfootnote1anc\" name=\"sdfootnote1sym\">1<\/a> <span style=\"font-family: Georgia,serif\"><span lang=\"en-GB\"><i>Global Crisis\u00a0: War, Climate Change &amp; Catastrophe in the 17th Century<\/i><\/span><\/span><span style=\"font-family: Georgia,serif\"><span lang=\"en-GB\">, Yale University Press, 2013. <\/span><\/span><span style=\"font-family: Georgia,serif\">On ne peut qu\u2019en souhaiter l\u2019\u00e9dition en fran\u00e7ais. <\/span><\/p>\n<\/div>\n<div id=\"sdfootnote2\">\n<p align=\"JUSTIFY\"><a class=\"sdfootnotesym\" href=\"#sdfootnote2anc\" name=\"sdfootnote2sym\">2<\/a> <span style=\"font-family: Georgia,serif\">Agn\u00e8s Sina\u00ef, \u00ab\u00a0<a href=\"http:\/\/www.monde-diplomatique.fr\/2015\/08\/SINAI\/53507\" target=\"_blank\">Aux origines climatiques des conflits\u00a0<\/a>\u00bb,<\/span><span style=\"font-family: Georgia,serif\"><i> Le Monde Diplomatique<\/i><\/span><span style=\"font-family: Georgia,serif\">., avril 2015.<\/span><\/p>\n<\/div>\n","protected":false},"excerpt":{"rendered":"<p>Du royaume polono-lithuanien \u00e0 la Chine en passant par l\u2019empire ottoman, Geoffrey Parker dresse sur pr\u00e8s de 900 pages un tableau synoptique du monde affect\u00e9 par le \u201cpetit \u00e2ge glaciaire\u201d\u00a0: celui-ci s\u2019\u00e9tend du 14e si\u00e8cle au 19e, mais atteint son &hellip; <a href=\"https:\/\/ddt21.noblogs.org\/?page_id=1110\">Continuer la lecture <span class=\"meta-nav\">&rarr;<\/span><\/a><\/p>\n","protected":false},"author":8284,"featured_media":0,"parent":1074,"menu_order":0,"comment_status":"open","ping_status":"closed","template":"","meta":{"footnotes":""},"class_list":["post-1110","page","type-page","status-publish","hentry"],"_links":{"self":[{"href":"https:\/\/ddt21.noblogs.org\/index.php?rest_route=\/wp\/v2\/pages\/1110","targetHints":{"allow":["GET"]}}],"collection":[{"href":"https:\/\/ddt21.noblogs.org\/index.php?rest_route=\/wp\/v2\/pages"}],"about":[{"href":"https:\/\/ddt21.noblogs.org\/index.php?rest_route=\/wp\/v2\/types\/page"}],"author":[{"embeddable":true,"href":"https:\/\/ddt21.noblogs.org\/index.php?rest_route=\/wp\/v2\/users\/8284"}],"replies":[{"embeddable":true,"href":"https:\/\/ddt21.noblogs.org\/index.php?rest_route=%2Fwp%2Fv2%2Fcomments&post=1110"}],"version-history":[{"count":1,"href":"https:\/\/ddt21.noblogs.org\/index.php?rest_route=\/wp\/v2\/pages\/1110\/revisions"}],"predecessor-version":[{"id":1120,"href":"https:\/\/ddt21.noblogs.org\/index.php?rest_route=\/wp\/v2\/pages\/1110\/revisions\/1120"}],"up":[{"embeddable":true,"href":"https:\/\/ddt21.noblogs.org\/index.php?rest_route=\/wp\/v2\/pages\/1074"}],"wp:attachment":[{"href":"https:\/\/ddt21.noblogs.org\/index.php?rest_route=%2Fwp%2Fv2%2Fmedia&parent=1110"}],"curies":[{"name":"wp","href":"https:\/\/api.w.org\/{rel}","templated":true}]}}