{"id":111,"date":"2014-06-25T20:22:25","date_gmt":"2014-06-25T18:22:25","guid":{"rendered":"http:\/\/ddt21.noblogs.org\/?page_id=111"},"modified":"2014-06-25T20:22:25","modified_gmt":"2014-06-25T18:22:25","slug":"cest-deja-beaucoup-mise-au-point-sur-la-communisation","status":"publish","type":"page","link":"https:\/\/ddt21.noblogs.org\/?page_id=111","title":{"rendered":"C\u2019est d\u00e9j\u00e0 beaucoup (mise au point sur la communisation)"},"content":{"rendered":"<p><a href=\"https:\/\/ddt21.noblogs.org\/files\/2014\/05\/Chat-et-voiture-2.jpg\"><img loading=\"lazy\" decoding=\"async\" class=\"alignleft wp-image-51 size-medium\" src=\"https:\/\/ddt21.noblogs.org\/files\/2014\/05\/Chat-et-voiture-2-300x225.jpg\" alt=\"Chat, voiture et communisation\" width=\"300\" height=\"225\" \/><\/a>\u00a0\u00a0 Quelques camarades ont r\u00e9cemment annonc\u00e9 DDT21 comme un \u00ab\u00a0<em>nouveau blog sur la communisation<\/em>\u00a0\u00bb. Peut-\u00eatre parce que le mot, et l\u2019id\u00e9e, \u00e9taient pr\u00e9sents dans les deux premiers textes. Chacun est \u00e9videmment libre de ses appr\u00e9ciations mais celle-ci, bien qu\u2019elle n\u2019ait rien d\u2019infamante, m\u00e9rite une rapide mise au point.<\/p>\n<p>Que veut dire <em>communisation<\/em>\u00a0?<\/p>\n<p>Que d\u00e8s ses d\u00e9buts, et donc sans \u00ab\u00a0p\u00e9riode de transition\u00a0\u00bb, une r\u00e9volution future commencera \u00e0 transformer les rapports sociaux capitalistes en rapports sociaux communistes\u00a0: destruction du travail salari\u00e9, de la propri\u00e9t\u00e9 priv\u00e9e, de l\u2019\u00e9change marchand, de la division sociale et de la division sexuelle du travail, de l\u2019\u00c9tat et tutti quanti.<\/p>\n<p>Ce concept est essentiel.<\/p>\n<p>Il ne r\u00e9sume, ni ne remplace, ni n\u2019absorbe en lui l\u2019ensemble des \u00ab\u00a0fondamentaux\u00a0\u00bb de la critique communiste\u00a0: il leur donne seulement le sens et la port\u00e9e n\u00e9cessaires \u00e0 notre \u00e9poque.<\/p>\n<p>C\u2019est d\u00e9j\u00e0 beaucoup.<\/p>\n<p>Nos lecteurs ne s\u2019\u00e9tonneront donc pas de retrouver, sous une forme ou une autre, la communisation dans nombre des articles de ce blog.<\/p>\n<p>Mais nous savons aussi que \u00ab\u00a0la communisation\u00a0\u00bb fait l\u2019objet d\u2019une mode intellectuelle et universitaire des deux c\u00f4t\u00e9s de l\u2019Atlantique, m\u00eal\u00e9e \u00e0 des id\u00e9es et des pratiques n\u2019ayant que peu de rapports avec le communisme, sinon un certain vocabulaire. D\u00e8s lors qu\u2019une th\u00e9orie ou un concept correspond \u00e0 une \u00e9poque, confusion et \u00ab\u00a0r\u00e9cup\u00e9ration\u00a0\u00bb sont in\u00e9vitables. A nous de savoir nous en garder[1].<\/p>\n<p style=\"text-align: right\">DDT21<\/p>\n<p>&nbsp;<\/p>\n<p>[1] La confusion atteint peut-\u00eatre un maximum avec l\u2019emploi du mot <em>communisateur <\/em>pour d\u00e9signer ceux qui aujourd\u2019hui th\u00e9orisent la communisation\u00a0: les seuls communisateurs seront ceux qui communiseront effectivement le monde dans et par une r\u00e9volution \u2013 non encore advenue.<\/p>\n","protected":false},"excerpt":{"rendered":"<p>\u00a0\u00a0 Quelques camarades ont r\u00e9cemment annonc\u00e9 DDT21 comme un \u00ab\u00a0nouveau blog sur la communisation\u00a0\u00bb. Peut-\u00eatre parce que le mot, et l\u2019id\u00e9e, \u00e9taient pr\u00e9sents dans les deux premiers textes. Chacun est \u00e9videmment libre de ses appr\u00e9ciations mais celle-ci, bien qu\u2019elle n\u2019ait &hellip; <a href=\"https:\/\/ddt21.noblogs.org\/?page_id=111\">Continuer la lecture <span class=\"meta-nav\">&rarr;<\/span><\/a><\/p>\n","protected":false},"author":8284,"featured_media":0,"parent":41,"menu_order":0,"comment_status":"open","ping_status":"closed","template":"","meta":{"footnotes":""},"class_list":["post-111","page","type-page","status-publish","hentry"],"_links":{"self":[{"href":"https:\/\/ddt21.noblogs.org\/index.php?rest_route=\/wp\/v2\/pages\/111","targetHints":{"allow":["GET"]}}],"collection":[{"href":"https:\/\/ddt21.noblogs.org\/index.php?rest_route=\/wp\/v2\/pages"}],"about":[{"href":"https:\/\/ddt21.noblogs.org\/index.php?rest_route=\/wp\/v2\/types\/page"}],"author":[{"embeddable":true,"href":"https:\/\/ddt21.noblogs.org\/index.php?rest_route=\/wp\/v2\/users\/8284"}],"replies":[{"embeddable":true,"href":"https:\/\/ddt21.noblogs.org\/index.php?rest_route=%2Fwp%2Fv2%2Fcomments&post=111"}],"version-history":[{"count":1,"href":"https:\/\/ddt21.noblogs.org\/index.php?rest_route=\/wp\/v2\/pages\/111\/revisions"}],"predecessor-version":[{"id":112,"href":"https:\/\/ddt21.noblogs.org\/index.php?rest_route=\/wp\/v2\/pages\/111\/revisions\/112"}],"up":[{"embeddable":true,"href":"https:\/\/ddt21.noblogs.org\/index.php?rest_route=\/wp\/v2\/pages\/41"}],"wp:attachment":[{"href":"https:\/\/ddt21.noblogs.org\/index.php?rest_route=%2Fwp%2Fv2%2Fmedia&parent=111"}],"curies":[{"name":"wp","href":"https:\/\/api.w.org\/{rel}","templated":true}]}}