{"id":1075,"date":"2016-08-19T22:32:04","date_gmt":"2016-08-19T20:32:04","guid":{"rendered":"http:\/\/ddt21.noblogs.org\/?page_id=1075"},"modified":"2016-08-21T18:41:20","modified_gmt":"2016-08-21T16:41:20","slug":"populisme-de-boue","status":"publish","type":"page","link":"https:\/\/ddt21.noblogs.org\/?page_id=1075","title":{"rendered":"LPR \/ Populisme de boue"},"content":{"rendered":"<p><span style=\"color: #000000\"><span style=\"font-family: Times New Roman,serif\"><span style=\"font-size: medium\"><span style=\"font-family: Georgia,serif\"><span style=\"font-size: small\"><b>Chantal Mouffe, <\/b><\/span><\/span><span style=\"font-family: Georgia,serif\"><span style=\"font-size: small\"><i><b>L\u2019illusion du consensus<\/b><\/i><\/span><\/span><span style=\"font-family: Georgia,serif\"><span style=\"font-size: small\"><b>, Albin, Michel, 2016, 200 p.<br \/>\n<\/b><\/span><\/span><\/span><\/span><\/span><\/p>\n<p><a href=\"https:\/\/ddt21.noblogs.org\/files\/2016\/08\/mods-vs-rockers-1.jpg\"><img loading=\"lazy\" decoding=\"async\" class=\"alignleft wp-image-1082 size-medium\" src=\"https:\/\/ddt21.noblogs.org\/files\/2016\/08\/mods-vs-rockers-1-300x202.jpg\" width=\"300\" height=\"202\" srcset=\"https:\/\/ddt21.noblogs.org\/files\/2016\/08\/mods-vs-rockers-1-300x202.jpg 300w, https:\/\/ddt21.noblogs.org\/files\/2016\/08\/mods-vs-rockers-1-768x516.jpg 768w, https:\/\/ddt21.noblogs.org\/files\/2016\/08\/mods-vs-rockers-1-1024x688.jpg 1024w, https:\/\/ddt21.noblogs.org\/files\/2016\/08\/mods-vs-rockers-1.jpg 1200w\" sizes=\"auto, (max-width: 300px) 100vw, 300px\" \/><\/a><\/p>\n<p lang=\"fr-FR\" align=\"JUSTIFY\"><span style=\"color: #000000\"><span style=\"font-family: Georgia,serif\"><span style=\"font-size: small\">C&rsquo;est en avril 2016, pour la promotion de ce livre, que Chantal Mouffe a fait irruption dans les m\u00e9dias fran\u00e7ais. Jusqu&rsquo;ici peu traduite, la philosophe poursuit l\u2019\u0153uvre de son compagnon Ernest Laclau (1935-2014), un universitaire argentin, ancien militant p\u00e9roniste de gauche, consid\u00e9r\u00e9 comme le th\u00e9oricien du \u00ab\u00a0populisme de gauche\u00a0\u00bb et dont le titre de gloire est d&rsquo;\u00eatre l&rsquo;inspirateur th\u00e9orique des dirigeants de Podemos.<\/span><\/span><\/span><\/p>\n<p lang=\"fr-FR\" align=\"JUSTIFY\"><span style=\"color: #000000\"><span style=\"font-family: Times New Roman,serif\"><span style=\"font-size: medium\"><span style=\"color: #000000\"><span style=\"font-family: Georgia,serif\"><span style=\"font-size: small\">Extr\u00e9misme, d\u00e9sillusion et abstentionnisme, une d\u00e9mocratie europ\u00e9enne en crise, menac\u00e9e, et avec elle toute \u00ab<\/span><\/span><\/span><span style=\"color: #000000\"><span style=\"font-family: Georgia,serif\"><span style=\"font-size: small\"><i>\u00a0la soci\u00e9t\u00e9\u00a0<\/i><\/span><\/span><\/span><span style=\"color: #000000\"><span style=\"font-family: Georgia,serif\"><span style=\"font-size: small\">\u00bb, le constat que dresse l&rsquo;auteure est banal\u00a0:\u00a0consensus n\u00e9o-lib\u00e9ral et brouillage gauche\/droite (PS et LR en France), r\u00e8gne des experts, politique \u00ab<\/span><\/span><\/span><span style=\"color: #000000\"><span style=\"font-family: Georgia,serif\"><span style=\"font-size: small\"><i>\u00a0non partisane\u00a0<\/i><\/span><\/span><\/span><span style=\"color: #000000\"><span style=\"font-family: Georgia,serif\"><span style=\"font-size: small\">\u00bb faite de mesures techniques \u00ab\u00a0in\u00e9vitables\u00a0\u00bb en ces temps de crise, absence d&rsquo;un r\u00e9el d\u00e9bat d\u00e9mocratique et, en r\u00e9action, mont\u00e9e du populisme de droite.<br \/>\nLe but de la d\u00e9mocratie n&rsquo;est pourtant pas d&rsquo;atteindre un consensus. La confrontation, r\u00e9gul\u00e9e, est au contraire sa condition d&rsquo;existence\u00a0: d&rsquo;une forme antagonistique (dangereuse car opposant des ennemis \u00e0 \u00e9radiquer) le conflit prend avec elle une forme agonistique (on peut \u00ab<\/span><\/span><\/span><span style=\"color: #000000\"><span style=\"font-family: Georgia,serif\"><span style=\"font-size: small\"><i>\u00a0s&rsquo;opposer sans se massacrer\u00a0<\/i><\/span><\/span><\/span><span style=\"color: #000000\"><span style=\"font-family: Georgia,serif\"><span style=\"font-size: small\">\u00bb selon Marcel Mauss). C&rsquo;est cette derni\u00e8re forme qu&rsquo;il s&rsquo;agit pour Chantal Mouffe de retrouver pour sauver la d\u00e9mocratie. Mais, au contraire des versions altermondialistes du consensus (mode bisounours, Hardt\/Negri ou Holloway d\u00e9nonc\u00e9es dans le livre), elle pose la question du conflit et du pouvoir. Et \u00ab\u00a0la gauche\u00a0\u00bb\u00a0? Le couple Laclau-Mouffe a souvent \u00e9t\u00e9 critiqu\u00e9 pour le flou de son analyse du capitalisme et de son projet alternatif que refl\u00e8te bien le programme Podemos. Et si l&rsquo;auteure ne croit plus au r\u00e9tablissement d&rsquo;une classique fronti\u00e8re droite\/gauche (la social-d\u00e9mocratie est irr\u00e9cup\u00e9rable), elle trouve la p\u00e9riode id\u00e9ale pour que naisse&#8230; un populisme de gauche\u00a0: car apr\u00e8s la classe ouvri\u00e8re, ce sont les classes moyennes qui sont victimes du n\u00e9o-lib\u00e9ralisme et se \u00ab\u00a0r\u00e9voltent\u00a0\u00bb. C&rsquo;est donc entre \u00ab\u00a0peuple\u00a0\u00bb et \u00e9lites n\u00e9o-lib\u00e9rales que doit s&rsquo;\u00e9tablir la fronti\u00e8re. Le programme importe alors assez peu (critique des structures transnationales, des banques, etc.)*, \u00e0 peine le fait de se diff\u00e9rencier d&rsquo;un populisme \u00ab\u00a0de droite\u00a0\u00bb**. Ce qui compte c&rsquo;est l&rsquo;\u00e9lan vers l&rsquo;alternative, l&rsquo;identification collective, le parti (pourquoi pas issu de Nuit Debout) et ce leader qui doit savoir, comme on le fait si bien \u00e0 droite, \u00ab<\/span><\/span><\/span><span style=\"color: #000000\"><span style=\"font-family: Georgia,serif\"><span style=\"font-size: small\"><i>\u00a0mobiliser les affects\u00a0<\/i><\/span><\/span><\/span><span style=\"color: #000000\"><span style=\"font-family: Georgia,serif\"><span style=\"font-size: small\">\u00bb (dans ce r\u00f4le, pour la France, notre auteure ne voit que Jean-Luc M\u00e9lenchon).<\/span><\/span><\/span><\/span><\/span><\/span><\/p>\n<p lang=\"fr-FR\" align=\"JUSTIFY\"><span style=\"color: #000000\"><span style=\"font-family: Times New Roman,serif\"><span style=\"font-size: medium\"><span style=\"color: #000000\"><span style=\"font-family: Georgia,serif\"><span style=\"font-size: small\">Ce que Chantal Mouffe se refuse \u00e0 dire c&rsquo;est que \u00ab<\/span><\/span><\/span><span style=\"color: #000000\"><span style=\"font-family: Georgia,serif\"><span style=\"font-size: small\"><i>\u00a0la soci\u00e9t\u00e9\u00a0<\/i><\/span><\/span><\/span><span style=\"color: #000000\"><span style=\"font-family: Georgia,serif\"><span style=\"font-size: small\">\u00bb qu&rsquo;elle souhaite pr\u00e9server n&rsquo;est autre que le capitalisme, et les conflits qui la menacent les cons\u00e9quences des rapports de classes et d&rsquo;exploitation. C&rsquo;est que pour elle, depuis la chute du mur de Berlin, \u00ab<\/span><\/span><\/span><span style=\"color: #000000\"><span style=\"font-family: Georgia,serif\"><span style=\"font-size: small\"><i>\u00a0there is no alternative\u00a0<\/i><\/span><\/span><\/span><span style=\"color: #000000\"><span style=\"font-family: Georgia,serif\"><span style=\"font-size: small\">\u00bb au capitalisme, d&rsquo;o\u00f9 l&rsquo;application des sch\u00e9mas qu&rsquo;elle d\u00e9nonce et en premier lieu le consensus\u00a0: ici autour de la d\u00e9mocratie, cadre ind\u00e9passable o\u00f9 les \u00ab<\/span><\/span><\/span><span style=\"color: #000000\"><span style=\"font-family: Georgia,serif\"><span style=\"font-size: small\"><i>\u00a0ennemis l\u00e9gitimes\u00a0<\/i><\/span><\/span><\/span><span style=\"color: #000000\"><span style=\"font-family: Georgia,serif\"><span style=\"font-size: small\">\u00bb choisissent de s&rsquo;affronter (les forces politiques, populisme de gauche compris).<\/span><\/span><\/span><\/span><\/span><\/span><\/p>\n<p lang=\"fr-FR\" align=\"JUSTIFY\"><span style=\"color: #000000\"><span style=\"font-family: Times New Roman,serif\"><span style=\"font-size: medium\"><span style=\"color: #000000\"><span style=\"font-family: Georgia,serif\"><span style=\"font-size: small\">Ceux qui refusent le jeu d\u00e9mocratique s&rsquo;excluent d&rsquo;eux-m\u00eames, ils sont pour Chantal Mouffe \u00ab<\/span><\/span><\/span><span style=\"color: #000000\"><span style=\"font-family: Georgia,serif\"><span style=\"font-size: small\"><i>\u00a0l&rsquo;ext\u00e9rieur constituant\u00a0<\/i><\/span><\/span><\/span><span style=\"color: #000000\"><span style=\"font-family: Georgia,serif\"><span style=\"font-size: small\">\u00bb, les barbares, cet \u00ab\u00a0eux\u00a0\u00bb contre \u00ab\u00a0nous\u00a0\u00bb\u00a0: non pas l&rsquo;extr\u00eame droite qui, elle au moins, accepte les r\u00e8gles, mais diverses forces politiques ou sociales marginales (anarchistes, ultra-gauches, \u00ab\u00a0vrais\u00a0\u00bb fascistes ou djihadistes) et surtout cette masse abstentionniste, ce prol\u00e9tariat refusant toute m\u00e9diation qu&rsquo;il serait prudent de ramener vers les urnes. Car il faut <\/span><\/span><\/span><span style=\"color: #000000\"><span style=\"font-family: Georgia,serif\"><span style=\"font-size: small\"><i>adh\u00e9rer<\/i><\/span><\/span><\/span><span style=\"color: #000000\"><span style=\"font-family: Georgia,serif\"><span style=\"font-size: small\"> \u00e0 la d\u00e9mocratie (notre auteure dit m\u00eame y avoir fait \u00ab<\/span><\/span><\/span><span style=\"color: #000000\"><span style=\"font-family: Georgia,serif\"><span style=\"font-size: small\"><i>\u00a0all\u00e9geance\u00a0<\/i><\/span><\/span><\/span><span style=\"color: #000000\"><span style=\"font-family: Georgia,serif\"><span style=\"font-size: small\">\u00bb) sinon, le cas \u00e9ch\u00e9ant, \u00eatre d\u00e9truit par elle. <\/span><\/span><\/span><\/span><\/span><\/span><\/p>\n<p lang=\"fr-FR\" align=\"JUSTIFY\"><span style=\"color: #000000\"><span style=\"font-family: Times New Roman,serif\"><span style=\"font-size: medium\"><span style=\"color: #000000\"><span style=\"font-family: Georgia,serif\"><span style=\"font-size: small\">Avec le mouvement contre la Loi Travail, on a pu \u00ab\u00a0appr\u00e9cier\u00a0\u00bb ce qu&rsquo;\u00e9tait la <\/span><\/span><\/span><span style=\"color: #000000\"><span style=\"font-family: Georgia,serif\"><span style=\"font-size: small\">r\u00e9pression par un pouvoir social-d\u00e9mocate, gageons que, men\u00e9e par un <\/span><\/span><\/span><span style=\"color: #000000\"><span style=\"font-family: Georgia,serif\"><span style=\"font-size: small\">gouvernement \u00ab<\/span><\/span><\/span><span style=\"color: #000000\"><span style=\"font-family: Georgia,serif\"><span style=\"font-size: small\"><i>\u00a0populiste de gauche\u00a0<\/i><\/span><\/span><\/span><span style=\"color: #000000\"><span style=\"font-family: Georgia,serif\"><span style=\"font-size: small\">\u00bb elle aurait \u00e9t\u00e9&#8230; diff\u00e9rente\u00a0? Plus exotique\u00a0? Le tonfa a parfois des nuances que le manifestant matraqu\u00e9 ignore. Il s&rsquo;agira donc d&rsquo;y \u00eatre attentif car \u00ab\u00a0l\u2019alternative\u00a0\u00bb que certains*** nous promettent aura, si n\u00e9cessaire, ce type de rugosit\u00e9 pour les prol\u00e9taires en lutte. <\/span><\/span><\/span><\/span><\/span><\/span><\/p>\n<p lang=\"fr-FR\" align=\"RIGHT\"><strong><span style=\"color: #000000\"><span style=\"font-family: Georgia,serif\"><span style=\"font-size: small\">Tristan Leoni, ao\u00fbt 2016<\/span><\/span><\/span><\/strong><\/p>\n<p lang=\"fr-FR\" align=\"JUSTIFY\"><span style=\"color: #000000\"><span style=\"font-family: Georgia,serif\"><span style=\"font-size: small\">* \/ Un programme qui, en cas de victoire, ne sera pas appliqu\u00e9, mais doit n\u00e9anmoins satisfaire ces diverses couches r\u00e9volt\u00e9es de la population qu&rsquo;il s&rsquo;agit d&rsquo;agglom\u00e9rer pour construire \u00ab\u00a0le peuple\u00a0\u00bb.<\/span><\/span><\/span><\/p>\n<p lang=\"fr-FR\" align=\"JUSTIFY\"><span style=\"color: #000000\"><span style=\"font-family: Times New Roman,serif\"><span style=\"font-size: medium\"><span style=\"color: #000000\"><span style=\"font-family: Georgia,serif\"><span style=\"font-size: small\">** \/ M\u00e9ditant sans doute sur l&rsquo;adage \u00ab<\/span><\/span><\/span><span style=\"color: #000000\"><span style=\"font-family: Georgia,serif\"><span style=\"font-size: small\"><i>\u00a0qui se ressemble s&rsquo;assemble\u00a0<\/i><\/span><\/span><\/span><span style=\"color: #000000\"><span style=\"font-family: Georgia,serif\"><span style=\"font-size: small\">\u00bb, Chantal Mouffe refuse de stigmatiser le populisme de droite par l&rsquo;usage du terme \u00ab<\/span><\/span><\/span><span style=\"color: #000000\"><span style=\"font-family: Georgia,serif\"><span style=\"font-size: small\"><i>\u00a0extr\u00eame-droite\u00a0<\/i><\/span><\/span><\/span><span style=\"color: #000000\"><span style=\"font-family: Georgia,serif\"><span style=\"font-size: small\">\u00bb et se gausse de sa \u00ab<\/span><\/span><\/span><span style=\"color: #000000\"><span style=\"font-family: Georgia,serif\"><span style=\"font-size: small\"><i>\u00a0condamnation morale\u00a0<\/i><\/span><\/span><\/span><span style=\"color: #000000\"><span style=\"font-family: Georgia,serif\"><span style=\"font-size: small\">\u00bb par \u00ab<\/span><\/span><\/span><span style=\"color: #000000\"><span style=\"font-family: Georgia,serif\"><span style=\"font-size: small\"><i>\u00a0les bons d\u00e9mocrates\u00a0<\/i><\/span><\/span><\/span><span style=\"color: #000000\"><span style=\"font-family: Georgia,serif\"><span style=\"font-size: small\">\u00bb.<\/span><\/span><\/span><\/span><\/span><\/span><\/p>\n<p lang=\"fr-FR\" align=\"JUSTIFY\"><span style=\"color: #000000\"><span style=\"font-family: Georgia,serif\"><span style=\"font-size: small\">*** \/ L&rsquo;attrait qu&rsquo;exerce le couple Mouffe-Laclau sur certains ma\u00eetres d\u2019\u0153uvre de Nuit Debout, \u00e0 commencer par Fran\u00e7ois Ruffin et Fr\u00e9d\u00e9ric Lordon, n&rsquo;\u00e9tonnera personne.<\/span><\/span><\/span><\/p>\n","protected":false},"excerpt":{"rendered":"<p>Chantal Mouffe, L\u2019illusion du consensus, Albin, Michel, 2016, 200 p. C&rsquo;est en avril 2016, pour la promotion de ce livre, que Chantal Mouffe a fait irruption dans les m\u00e9dias fran\u00e7ais. Jusqu&rsquo;ici peu traduite, la philosophe poursuit l\u2019\u0153uvre de son compagnon &hellip; <a href=\"https:\/\/ddt21.noblogs.org\/?page_id=1075\">Continuer la lecture <span class=\"meta-nav\">&rarr;<\/span><\/a><\/p>\n","protected":false},"author":8284,"featured_media":0,"parent":1074,"menu_order":0,"comment_status":"open","ping_status":"closed","template":"","meta":{"footnotes":""},"class_list":["post-1075","page","type-page","status-publish","hentry"],"_links":{"self":[{"href":"https:\/\/ddt21.noblogs.org\/index.php?rest_route=\/wp\/v2\/pages\/1075","targetHints":{"allow":["GET"]}}],"collection":[{"href":"https:\/\/ddt21.noblogs.org\/index.php?rest_route=\/wp\/v2\/pages"}],"about":[{"href":"https:\/\/ddt21.noblogs.org\/index.php?rest_route=\/wp\/v2\/types\/page"}],"author":[{"embeddable":true,"href":"https:\/\/ddt21.noblogs.org\/index.php?rest_route=\/wp\/v2\/users\/8284"}],"replies":[{"embeddable":true,"href":"https:\/\/ddt21.noblogs.org\/index.php?rest_route=%2Fwp%2Fv2%2Fcomments&post=1075"}],"version-history":[{"count":6,"href":"https:\/\/ddt21.noblogs.org\/index.php?rest_route=\/wp\/v2\/pages\/1075\/revisions"}],"predecessor-version":[{"id":1134,"href":"https:\/\/ddt21.noblogs.org\/index.php?rest_route=\/wp\/v2\/pages\/1075\/revisions\/1134"}],"up":[{"embeddable":true,"href":"https:\/\/ddt21.noblogs.org\/index.php?rest_route=\/wp\/v2\/pages\/1074"}],"wp:attachment":[{"href":"https:\/\/ddt21.noblogs.org\/index.php?rest_route=%2Fwp%2Fv2%2Fmedia&parent=1075"}],"curies":[{"name":"wp","href":"https:\/\/api.w.org\/{rel}","templated":true}]}}